{"id":58,"date":"2025-06-28T14:45:09","date_gmt":"2025-06-28T12:45:09","guid":{"rendered":"https:\/\/wp8.abecedapc.com\/?page_id=58"},"modified":"2025-06-29T12:28:52","modified_gmt":"2025-06-29T10:28:52","slug":"clanky","status":"publish","type":"page","link":"https:\/\/wp8.abecedapc.com\/?page_id=58","title":{"rendered":"\u010cl\u00e1nky"},"content":{"rendered":"<ul class=\"wp-block-latest-posts__list is-grid columns-3 has-author wp-block-latest-posts\"><li><div class=\"wp-block-latest-posts__featured-image\"><img decoding=\"async\" width=\"150\" height=\"150\" src=\"https:\/\/wp8.abecedapc.com\/wp-content\/uploads\/2025\/06\/received_624560603113688-150x150.jpeg\" class=\"attachment-thumbnail size-thumbnail wp-post-image\" alt=\"\" style=\"\" \/><\/div><a class=\"wp-block-latest-posts__post-title\" href=\"https:\/\/wp8.abecedapc.com\/?p=63\">Mo\u0159sk\u00e1 vydra<\/a><div class=\"wp-block-latest-posts__post-author\">Autor: wp8abeceda<\/div><div class=\"wp-block-latest-posts__post-excerpt\">Nevim&#8230;<\/div><\/li>\n<li><div class=\"wp-block-latest-posts__featured-image\"><img decoding=\"async\" width=\"150\" height=\"150\" src=\"https:\/\/wp8.abecedapc.com\/wp-content\/uploads\/2025\/06\/20230717_015610-150x150.jpg\" class=\"attachment-thumbnail size-thumbnail wp-post-image\" alt=\"\" style=\"\" \/><\/div><a class=\"wp-block-latest-posts__post-title\" href=\"https:\/\/wp8.abecedapc.com\/?p=56\">Medv\u011bd<\/a><div class=\"wp-block-latest-posts__post-author\">Autor: wp8abeceda<\/div><div class=\"wp-block-latest-posts__post-excerpt\">Zkou\u0161ka, zkou\u0161ka, zkou\u0161ka.<\/div><\/li>\n<li><div class=\"wp-block-latest-posts__featured-image\"><img decoding=\"async\" width=\"150\" height=\"150\" src=\"https:\/\/wp8.abecedapc.com\/wp-content\/uploads\/2025\/06\/20230725_110025-150x150.jpg\" class=\"attachment-thumbnail size-thumbnail wp-post-image\" alt=\"\" style=\"\" \/><\/div><a class=\"wp-block-latest-posts__post-title\" href=\"https:\/\/wp8.abecedapc.com\/?p=54\">Ledovec<\/a><div class=\"wp-block-latest-posts__post-author\">Autor: wp8abeceda<\/div><div class=\"wp-block-latest-posts__post-excerpt\">Zkou\u0161ka, zkou\u0161ka.<\/div><\/li>\n<li><div class=\"wp-block-latest-posts__featured-image\"><img loading=\"lazy\" decoding=\"async\" width=\"150\" height=\"150\" src=\"https:\/\/wp8.abecedapc.com\/wp-content\/uploads\/2025\/06\/20230716_215328-150x150.jpg\" class=\"attachment-thumbnail size-thumbnail wp-post-image\" alt=\"\" style=\"\" \/><\/div><a class=\"wp-block-latest-posts__post-title\" href=\"https:\/\/wp8.abecedapc.com\/?p=52\">Letadlo<\/a><div class=\"wp-block-latest-posts__post-author\">Autor: wp8abeceda<\/div><div class=\"wp-block-latest-posts__post-excerpt\">Zkou\u0161ka p\u0159\u00edsp\u011bvku.<\/div><\/li>\n<\/ul>\n\n\n<div class=\"wp-block-contact-form-7-contact-form-selector\">\n<div class=\"wpcf7 no-js\" id=\"wpcf7-f90-o1\" lang=\"cs-CZ\" dir=\"ltr\" data-wpcf7-id=\"90\">\n<div class=\"screen-reader-response\"><p role=\"status\" aria-live=\"polite\" aria-atomic=\"true\"><\/p> <ul><\/ul><\/div>\n<form action=\"\/index.php?rest_route=%2Fwp%2Fv2%2Fpages%2F58#wpcf7-f90-o1\" method=\"post\" class=\"wpcf7-form init\" aria-label=\"Kontaktn\u00ed formul\u00e1\u0159\" novalidate=\"novalidate\" data-status=\"init\">\n<fieldset class=\"hidden-fields-container\"><input type=\"hidden\" name=\"_wpcf7\" value=\"90\" \/><input type=\"hidden\" name=\"_wpcf7_version\" value=\"6.1\" \/><input type=\"hidden\" name=\"_wpcf7_locale\" value=\"cs_CZ\" \/><input type=\"hidden\" name=\"_wpcf7_unit_tag\" value=\"wpcf7-f90-o1\" \/><input type=\"hidden\" name=\"_wpcf7_container_post\" value=\"0\" \/><input type=\"hidden\" name=\"_wpcf7_posted_data_hash\" value=\"\" \/>\n<\/fieldset>\n<p><label> Va\u0161e jm\u00e9no<br \/>\n<span class=\"wpcf7-form-control-wrap\" data-name=\"your-name\"><input size=\"40\" maxlength=\"400\" class=\"wpcf7-form-control wpcf7-text wpcf7-validates-as-required\" autocomplete=\"name\" aria-required=\"true\" aria-invalid=\"false\" value=\"\" type=\"text\" name=\"your-name\" \/><\/span> <\/label>\n<\/p>\n<p><label> V\u00e1\u0161 e-mail<br \/>\n<span class=\"wpcf7-form-control-wrap\" data-name=\"your-email\"><input size=\"40\" maxlength=\"400\" class=\"wpcf7-form-control wpcf7-email wpcf7-validates-as-required wpcf7-text wpcf7-validates-as-email\" autocomplete=\"email\" aria-required=\"true\" aria-invalid=\"false\" value=\"\" type=\"email\" name=\"your-email\" \/><\/span> <\/label>\n<\/p>\n<p><label> V\u00e1\u0161 telefon<br \/>\n<span class=\"wpcf7-form-control-wrap\" data-name=\"tel-187\"><input size=\"40\" maxlength=\"400\" class=\"wpcf7-form-control wpcf7-tel wpcf7-text wpcf7-validates-as-tel\" aria-invalid=\"false\" value=\"\" type=\"tel\" name=\"tel-187\" \/><\/span> <\/label>\n<\/p>\n<p><label> Va\u0161e zpr\u00e1va (voliteln\u00fd)<br \/>\n<span class=\"wpcf7-form-control-wrap\" data-name=\"your-message\"><textarea cols=\"40\" rows=\"10\" maxlength=\"2000\" class=\"wpcf7-form-control wpcf7-textarea\" aria-invalid=\"false\" name=\"your-message\"><\/textarea><\/span> <\/label>\n<\/p>\n<p><input class=\"wpcf7-form-control wpcf7-submit has-spinner\" type=\"submit\" value=\"Odeslat\" \/>\n<\/p><div class=\"wpcf7-response-output\" aria-hidden=\"true\"><\/div>\n<\/form>\n<\/div>\n<\/div>\n\n\n\n<p><\/p>\n","protected":false},"excerpt":{"rendered":"","protected":false},"author":1,"featured_media":0,"parent":0,"menu_order":0,"comment_status":"closed","ping_status":"closed","template":"","meta":{"footnotes":""},"class_list":["post-58","page","type-page","status-publish","hentry"],"yoast_head":"<!-- This site is optimized with the Yoast SEO plugin v25.3.1 - https:\/\/yoast.com\/wordpress\/plugins\/seo\/ -->\n<title>\u010cl\u00e1nky - Simona - \u0161kolen\u00ed<\/title>\n<meta name=\"robots\" content=\"index, follow, max-snippet:-1, max-image-preview:large, max-video-preview:-1\" \/>\n<link rel=\"canonical\" href=\"https:\/\/wp8.abecedapc.com\/?page_id=58\" \/>\n<meta property=\"og:locale\" content=\"cs_CZ\" \/>\n<meta property=\"og:type\" content=\"article\" \/>\n<meta property=\"og:title\" content=\"\u010cl\u00e1nky - Simona - \u0161kolen\u00ed\" \/>\n<meta property=\"og:url\" content=\"https:\/\/wp8.abecedapc.com\/?page_id=58\" \/>\n<meta property=\"og:site_name\" content=\"Simona - \u0161kolen\u00ed\" \/>\n<meta property=\"article:modified_time\" content=\"2025-06-29T10:28:52+00:00\" \/>\n<meta name=\"twitter:card\" content=\"summary_large_image\" \/>\n<script type=\"application\/ld+json\" class=\"yoast-schema-graph\">{\"@context\":\"https:\/\/schema.org\",\"@graph\":[{\"@type\":\"WebPage\",\"@id\":\"https:\/\/wp8.abecedapc.com\/?page_id=58\",\"url\":\"https:\/\/wp8.abecedapc.com\/?page_id=58\",\"name\":\"\u010cl\u00e1nky - Simona - \u0161kolen\u00ed\",\"isPartOf\":{\"@id\":\"https:\/\/wp8.abecedapc.com\/#website\"},\"datePublished\":\"2025-06-28T12:45:09+00:00\",\"dateModified\":\"2025-06-29T10:28:52+00:00\",\"breadcrumb\":{\"@id\":\"https:\/\/wp8.abecedapc.com\/?page_id=58#breadcrumb\"},\"inLanguage\":\"cs\",\"potentialAction\":[{\"@type\":\"ReadAction\",\"target\":[\"https:\/\/wp8.abecedapc.com\/?page_id=58\"]}]},{\"@type\":\"BreadcrumbList\",\"@id\":\"https:\/\/wp8.abecedapc.com\/?page_id=58#breadcrumb\",\"itemListElement\":[{\"@type\":\"ListItem\",\"position\":1,\"name\":\"Dom\u016f\",\"item\":\"https:\/\/wp8.abecedapc.com\/\"},{\"@type\":\"ListItem\",\"position\":2,\"name\":\"\u010cl\u00e1nky\"}]},{\"@type\":\"WebSite\",\"@id\":\"https:\/\/wp8.abecedapc.com\/#website\",\"url\":\"https:\/\/wp8.abecedapc.com\/\",\"name\":\"Simona - \u0161kolen\u00ed\",\"description\":\"U\u010d\u00edm se WordPress.\",\"potentialAction\":[{\"@type\":\"SearchAction\",\"target\":{\"@type\":\"EntryPoint\",\"urlTemplate\":\"https:\/\/wp8.abecedapc.com\/?s={search_term_string}\"},\"query-input\":{\"@type\":\"PropertyValueSpecification\",\"valueRequired\":true,\"valueName\":\"search_term_string\"}}],\"inLanguage\":\"cs\"}]}<\/script>\n<!-- \/ Yoast SEO plugin. -->","yoast_head_json":{"title":"\u010cl\u00e1nky - Simona - \u0161kolen\u00ed","robots":{"index":"index","follow":"follow","max-snippet":"max-snippet:-1","max-image-preview":"max-image-preview:large","max-video-preview":"max-video-preview:-1"},"canonical":"https:\/\/wp8.abecedapc.com\/?page_id=58","og_locale":"cs_CZ","og_type":"article","og_title":"\u010cl\u00e1nky - Simona - \u0161kolen\u00ed","og_url":"https:\/\/wp8.abecedapc.com\/?page_id=58","og_site_name":"Simona - \u0161kolen\u00ed","article_modified_time":"2025-06-29T10:28:52+00:00","twitter_card":"summary_large_image","schema":{"@context":"https:\/\/schema.org","@graph":[{"@type":"WebPage","@id":"https:\/\/wp8.abecedapc.com\/?page_id=58","url":"https:\/\/wp8.abecedapc.com\/?page_id=58","name":"\u010cl\u00e1nky - Simona - \u0161kolen\u00ed","isPartOf":{"@id":"https:\/\/wp8.abecedapc.com\/#website"},"datePublished":"2025-06-28T12:45:09+00:00","dateModified":"2025-06-29T10:28:52+00:00","breadcrumb":{"@id":"https:\/\/wp8.abecedapc.com\/?page_id=58#breadcrumb"},"inLanguage":"cs","potentialAction":[{"@type":"ReadAction","target":["https:\/\/wp8.abecedapc.com\/?page_id=58"]}]},{"@type":"BreadcrumbList","@id":"https:\/\/wp8.abecedapc.com\/?page_id=58#breadcrumb","itemListElement":[{"@type":"ListItem","position":1,"name":"Dom\u016f","item":"https:\/\/wp8.abecedapc.com\/"},{"@type":"ListItem","position":2,"name":"\u010cl\u00e1nky"}]},{"@type":"WebSite","@id":"https:\/\/wp8.abecedapc.com\/#website","url":"https:\/\/wp8.abecedapc.com\/","name":"Simona - \u0161kolen\u00ed","description":"U\u010d\u00edm se WordPress.","potentialAction":[{"@type":"SearchAction","target":{"@type":"EntryPoint","urlTemplate":"https:\/\/wp8.abecedapc.com\/?s={search_term_string}"},"query-input":{"@type":"PropertyValueSpecification","valueRequired":true,"valueName":"search_term_string"}}],"inLanguage":"cs"}]}},"_links":{"self":[{"href":"https:\/\/wp8.abecedapc.com\/index.php?rest_route=\/wp\/v2\/pages\/58","targetHints":{"allow":["GET"]}}],"collection":[{"href":"https:\/\/wp8.abecedapc.com\/index.php?rest_route=\/wp\/v2\/pages"}],"about":[{"href":"https:\/\/wp8.abecedapc.com\/index.php?rest_route=\/wp\/v2\/types\/page"}],"author":[{"embeddable":true,"href":"https:\/\/wp8.abecedapc.com\/index.php?rest_route=\/wp\/v2\/users\/1"}],"replies":[{"embeddable":true,"href":"https:\/\/wp8.abecedapc.com\/index.php?rest_route=%2Fwp%2Fv2%2Fcomments&post=58"}],"version-history":[{"count":2,"href":"https:\/\/wp8.abecedapc.com\/index.php?rest_route=\/wp\/v2\/pages\/58\/revisions"}],"predecessor-version":[{"id":92,"href":"https:\/\/wp8.abecedapc.com\/index.php?rest_route=\/wp\/v2\/pages\/58\/revisions\/92"}],"wp:attachment":[{"href":"https:\/\/wp8.abecedapc.com\/index.php?rest_route=%2Fwp%2Fv2%2Fmedia&parent=58"}],"curies":[{"name":"wp","href":"https:\/\/api.w.org\/{rel}","templated":true}]}}